igit of 270482024?
0
What is the millions digit of 123552827?
3
What is the tens digit of 678634883?
8
What is the thousands digit of 3744820256?
0
What is the tens digit of 1312492345?
4
What is the ten thousands digit of 49161985?
6
What is the tens digit of 13652226?
2
What is the tens digit of 83709832?
3
What is the thousands digit of 136015141?
5
What is the ten thousands digit of 564713300?
1
What is the thousands digit of 8618424?
8
What is the billions digit of 1702387520?
1
What is the ten millions digit of 2148842866?
4
What is the hundred millions digit of 187679277?
1
What is the hundred thousands digit of 276136790?
1
What is the thousands digit of 1981277073?
7
What is the hundred thousands digit of 81480558?
4
What is the units digit of 109994482?
2
What is the millions digit of 2286957790?
6
What is the millions digit of 21421429?
1
What is the millions digit of 1522546596?
2
What is the tens digit of 34801901?
0
What is the units digit of 7726499?
9
What is the ten millions digit of 359515781?
5
What is the thousands digit of 56190744?
0
What is the hundred millions digit of 7084835176?
0
What is the hundreds digit of 43924478?
4
What is the ten millions digit of 147593977?
4
What is the ten millions digit of 32804368?
3
What is the tens digit of 3267246039?
3
What is the hundreds digit of 91925394?
3
What is the thousands digit of 330636461?
6
What is the tens digit of 2364710477?
7
What is the ten thousands digit of 5608943736?
4
What is the hundred thousands digit of 6629037428?
0
What is the ten thousands digit of 601713056?
1
What is the tens digit of 217711687?
8
What is the thousands digit of 3231072430?
2
What is the ten thousands digit of 37931681?
3
What is the ten thousands digit of 135870156?
7
What is the hundred millions digit of 904482544?
9
What is the tens digit of 181803889?
8
What is the hundreds digit of 1194265466?
4
What is the ten millions digit of 665742159?
6
What is the ten thousands digit of 1112195402?
9
What is the hundreds digit of 53061529?
5
What is the millions digit of 1210185253?
0
What is the hundred thousands digit of 1177422527?
4
What is the units digit of 462913265?
5
What is the hundreds digit of 14102070?
0
What is the hundreds digit of 250165790?
7
What is the thousands digit of 245785247?
5
What is the hundreds digit of 52555300?
3
What is the hundreds digit of 950251958?
9
What is the tens digit of 150726679?
7
What is the units digit of 62162366?
6
What is the millions digit of 249788492?
9
What is the hundreds digit of 200927360?
3
What is the units digit of 6068253206?
6
What is the thousands digit of 71230338?
0
What is the thousands digit of 406479197?
9
What is the billions digit of 1753675258?
1
What is the thousands digit of 117947581?
7
What is the ten millions digit of 3856127644?
5
What is the hundreds digit of 8992680?
6
What is the millions digit of 27188928?
7
What is the hundred millions digit of 475338896?
4
What is the ten thousands digit of 1667916283?
1
What is the units digit of 116910004?
4
What is the ten millions digit of 48934155?
4
What is the hundreds digit of 3117983?
9
What is the hundreds digit of 24536446?
4
What is the hundreds digit of 770207201?
2
What is the units digit of 26031072?
2
What is the units digit of 27495828?
8
What is the ten thousands digit of 100953082?
5
What is the thousands digit of 2384247093?
7
What is the hundreds digit of 70318474?
4
What is the hundreds digit of 6535450?
4
What is the ten thousands digit of 485002209?
0
What is the ten millions digit of 28715500?
2
What is the thousands digit of 138337410?
7
What is the hundreds digit of 8604615462?
4
What is the ten thousands digit of 14802832?
0
What is the millions digit of 203007343?
3
What is the units digit of 24930462?
2
What is the ten millions digit of 7606130468?
0
What is the tens digit of 137679654?
5
What is the hundred millions digit of 643560005?
6
What is the units digit of 92970505?
5
What is the millions digit of 666321545?
6
What is the hundreds digit of 219629692?
6
What is the ten thousands digit of 233286588?
8
What is the ten millions digit of 938827720?
3
What is the hundreds digit of 38960703?
7
What is the units digit of 359516339?
9
What is the hundred millions digit of 2465743243?
4
What is the tens digit of 271868963?
6
What is the hundreds digit of 1669279569?
5
What is the hundred millions digit of 147873629?
1
What is the ten millions digit of 4299911098?
9
What is the ten millions digit of 45923402?
4
What is the hundreds digit of 82007818?
8
What is the thousands digit of 946191081?
1
What is the thousands digit of 2057511370?
1
What is the units digit of 87756395?
5
What is the ten thousands digit of 219301822?
0
What is the thousands digit of 116740778?
0
What is the thousands digit of 436219029?
9
What is the ten millions digit of 478582678?
7
What is the ten millions digit of 11935293?
1
What is the tens digit of 4752402498?
9
What is the ten millions digit of 192399178?
9
What is the billions digit of 2054572701?
2
What is the hundred thousands digit of 1963349207?
3
What is the hundred thousands digit of 36629219?
6
What is the millions digit of 1167555559?
7
What is the hundreds digit of 260220198?
1
What is the millions digit of 140270879?
0
What is the millions digit of 114718051?
4
What is the millions digit of 13915298?
3
What is the hundreds digit of 1525287142?
1
What is the millions digit of 23801632?
3
What is the units digit of 75430669?
9
What is the thousands digit of 642295947?
5
What is the tens digit of 98217357?
5
What is the millions digit of 19713218?
9
What is the hundred thousands digit of 31682968?
6
What is the ten thousands digit of 1630566572?
6
What is the thousands digit of 1614473001?
3
What is the millions digit of 19053460?
9
What is the hundred thousands digit of 152820309?
8
What is the units digit of 162467223?
3
What is the units digit of 109450894?
4
What is the hundred thousands digit of 55037013?
0
What is the units digit of 51437938?
8
What is the ten millions digit of 57842362?
5
What is the units digit of 70975435?
5
What is the hundred thousands digit of 4362324627?
3
What is the hundreds digit of 1013156038?
0
What is the ten millions digit of 797439974?
9
What is the ten millions digit of 36295858?
3
What is the millions digit of 88670237?
8
What is the hundred millions digit of 416094929?
4
What is the hundred millions digit of 288683897?
2
What is the thousands digit of 15229310?
9
What is the ten thousands digit of 75443028?
4
What is the thousands digit of 342331520?
1
What is the hundred millions digit of 327045351?
3
What is the units digit of 155666264?
4
What is the millions digit of 373027643?
3
What is the ten millions digit of 1252613912?
5
What is the ten thousands digit of 101090012?
9
What is the tens digit of 657801085?
8
What is the units digit of 47031342?
2
What is the thousands digit of 74342020?
2
What is the hundreds digit of 7239920?
9
What is the hundreds digit of 8717236688?
6
What is the units digit of 1388885774?
4
What is the thousands digit of 601928493?
8
What is the ten millions digit of 3458341316?
5
What is the hundred thousands digit of 12569954?
5
What is the units digit of 56293674?
4
What is the ten millions digit of 1185972755?
8
What is the ten thousands digit of 866830607?
3
What is the thousands digit of 18085951?
5
What is the hundreds digit of 60728947?
9
What is the ten thousands digit of 266916843?
1
What is the tens digit of 45601786?
8
What is the hundred thousands digit of 2568695458?
6
What is the ten thousands digit of 217269695?
6
What is the units digit of 3498032966?
6
What is the thousands digit of 4409897962?
7
What is the millions digit of 69198437?
9
What is the ten millions digit of 1725354577?
2
What is the ten thousands digit of 307210272?
1
What is the hundreds digit of 374875533?
5
What is the billions digit of 4557332797?
4
What is the hundred millions digit of 196085286?
1
What is the thousands digit of 381321260?
1
What is the hundred millions digit of 255738598?
2
What is the ten millions digit of 75508528?
7
What is the hundred millions digit of 934451392?
9
What is the units digit of 2236018701?
1
What is the tens digit of 1